-4)/6)/((-2)/6). Suppose -2*q + 5 = -3*z, -z + 5*q - 5 = j*z. Let x(i) = -i**3 - 4*i**2 - 4*i - 3. Give x(z).
0
Let m(g) = 5*g**2 + 2*g - 2. Suppose -12*x = -11*x - 4*c + 7, -3*x + 7 = 2*c. Calculate m(x).
5
Let j(p) be the second derivative of -p**5/20 - p**4/2 + 5*p**3/3 + 7*p**2/2 - 1047*p. Calculate j(-7).
-14
Let h(w) be the third derivative of w**5/30 + 5*w**4/24 - 5*w**3/3 + 18*w**2. Let f(b) be the first derivative of h(b). What is f(-6)?
-19
Let x(z) = -5 + 2*z + 0*z + 3*z + z**2. Suppose 6*k = 3*k - 0*k. Suppose k*g - a - 9 = 2*g, -5*a + 11 = 2*g. Determine x(g).
9
Suppose -5*g - 45 = 5*w, -3*g - g + 9 = -5*w. Let z(s) = 16*s - 11. Let x(o) = -8*o + 5. Let n(q) = w*x(q) - 2*z(q). Determine n(3).
21
Let p(a) be the third derivative of -a**5/6 + 71*a**4/24 + 35*a**3/3 - 2909*a**2. Calculate p(-1).
-11
Let z(b) be the first derivative of -2*b**3/3 - b**2/2 - 4*b - 68862. Suppose 32 = -4*l - 4*c, 0*c + 22 = -4*l - 2*c. Determine z(l).
-19
Let q(t) = -t**2 + 81*t - 1413. Let m be q(56). Let r(a) = -a**3 - 15*a**2 - 29*a + 11. Give r(m).
50
Let u(v) = v**2 - v + 4 - v + v. Let m(r) be the first derivative of -r**3/3 + 6*r**2 - 11*r + 80. Let k be m(1). What is u(k)?
4
Let y(p) be the first derivative of 2*p**2 + 13*p + 796. Calculate y(-5).
-7
Let x(k) = k**3 + 35*k**2 + 286*k - 14. Let w be x(-13). Let m(g) = g**3 + 14*g**2 + 4*g - 15. Determine m(w).
-71
Let l(v) = 13 + 22*v + 15*v - 69*v + 30*v + 7. Give l(6).
8
Let s(g) be the second derivative of -g**3/6 + 2*g**2 - 883*g + 2. What is s(0)?
4
Let m(x) = -x**2 - 21*x + 36. Suppose 331 = 355*g - 376*g - 152. What is m(g)?
-10
Let h be (-14)/28*-6 + -2. Let t(a) = 9*a**3 - 3*a**2 + 2*a. What is t(h)?
8
Let l(y) = -2*y - 2. Let s(a) = -a**3 - 7*a**2 + 31*a + 10. Let c be s(-10). Suppose -n + 85 - 88 = c. Give l(n).
4
Let g(l) = l**3 - 6*l**2 + l - 6. Let s be g(6). Let b(r) = 8513*r - 4363*r - 4151*r - 14. What is b(s)?
-14
Let h(c) = -33*c + 125. Let o(f) = -18*f + 74. Let u(z) = 7*h(z) - 12*o(z). Determine u(-7).
92
Let i(q) = -8*q - 14. Let r(u) = -3*u - 5. Let h(b) = -6*i(b) + 17*r(b). Suppose -3*z - 4 = -2*c, z - 3*c - 13 = 6*z. Calculate h(z).
5
Let j(k) = 139*k + 28. Let c(t) = 79*t + 14. Let v(z) = -7*c(z) + 4*j(z). Determine v(-4).
2
Let f = 48 + -58. Let n(a) be the first derivative of -a**2/2 - 7*a - 48. What is n(f)?
3
Let f(m) be the second derivative of -m**4/12 + 2*m**3/3 + m**2 - 23*m + 202. Give f(12).
-94
Let l(b) = 308 - 222*b - 341*b + 354*b + 323. What is l(3)?
4
Let y(k) = -7*k**2 - 32*k - 27. Let f(t) = 5*t**2 + 29*t + 32. Let j(l) = 4*f(l) + 3*y(l). What is j(21)?
26
Let l(q) be the first derivative of q**3/3 - 11*q**2/2 + 24*q + 5050. What is l(9)?
6
Let r(s) = s + 5. Suppose 12 = 5*u + 2*d, -10*u + 9*u + d = -8. Let x be 1 - (u - (-2)/(-1)). Let l(q) = 4*q**3 - 5*q - 5. Let y be l(x). Determine r(y).
1
Suppose -2*z - 4*z = 24. Let j be -4*z/(3 - 7). Let a be ((-1)/2)/(j/(-8)). Let y(t) = -6*t + 1. What is y(a)?
7
Let g(u) be the second derivative of u**3/6 - 2*u**2 + 2024*u. Let v(w) = w + 1. Let x be v(5). Give g(x).
2
Let h(m) = m**3 + 12*m**2 + 11*m - 24. Let i(g) = 2*g**3 + 23*g**2 + 21*g - 43. Let r(p) = 11*h(p) - 6*i(p). Give r(-6).
24
Let l(q) = -16*q + 63. Suppose -7058*o - 84 = -7086*o. Give l(o).
15
Let c(k) be the first derivative of -6*k**2 - 7322. What is c(5)?
-60
Let b(a) be the first derivative of a**4/2 + 8*a**3/3 + 2*a**2 - 3*a + 1747. Calculate b(-3).
3
Let z be (-4)/(4/(-2)) - 1. Let w(d) = -d + 10. Let q(c) be the third derivative of c**3/6 + c**2 - 2*c - 220. Let m(g) = z*w(g) + 3*q(g). What is m(0)?
13
Let g be ((-11)/((-550)/20))/(8/60). Let v(o) be the third derivative of 1/3*o**g + 0 - 13*o**2 + 0*o - 1/12*o**4. Calculate v(2).
-2
Let i(m) = 5*m**2 + 31*m + 8. Let s(a) = a**2 + 4*a. Let x(d) = i(d) - 6*s(d). Suppose -40 = -9*u + 13*u. Let z = -2 - u. Give x(z).
0
Let s(q) be the first derivative of -3*q + 2/3*q**3 + 1/4*q**4 + 9 - 3/2*q**2. Determine s(-4).
-23
Let z(u) = -1239 - 1237 - 7*u + 3709 - 1237 + 2*u**3 + u**2. What is z(2)?
2
Let u(w) = -40*w + 23. Let f(z) = 36*z - 18. Let q(j) = -6*f(j) - 5*u(j). Determine q(3).
-55
Let f(g) = -6*g + 194. Let m be f(32). Let c(k) = -3 - k + 32*k + 3 + 3 - m. Calculate c(-1).
-30
Let a(v) = v + 1. Let k = -77 + 93. Suppose w = -2*b + 9, -b = 2*b - w - k. Suppose 0 = -24*o + 29*o - b. Give a(o).
2
Suppose 1355*p - 1363*p + 360 = 0. Suppose -7*n + 10 = p. Let v(o) = -4*o - 9. What is v(n)?
11
Let j(q) = -q - 28. Let l = 28144 - 28157. What is j(l)?
-15
Let c(j) = j**3 - 6*j**2 + 2. Let f(q) = -16*q + 132. Let a be f(7). Suppose -18*d = -a*d + 12. Determine c(d).
2
Let q(m) = -2*m**3 + m**2. Let k be 34/(-3)*3*(-1 - 0). Let x = k - 16. Let s = x + -17. Calculate q(s).
-1
Let t be 5*(26 - 1220/50). Let u(h) be the second derivative of -h**5/20 + 5*h**4/6 - 5*h**3/2 - 5*h**2/2 - 2*h. Give u(t).
3
Let b(j) = 752*j + 1628. Let m(z) = -109*z - 233. Let g(q) = 3*b(q) + 20*m(q). Give g(-3).
-4
Let u(f) = 1855 + 1794 - 3660 + 30*f. Determine u(-4).
-131
Suppose -5*k + 8 = -4*k. Let s(q) be the first derivative of q**4/4 - 3*q**3 + 5*q**2 - 10*q - 56860. Give s(k).
6
Let i(v) = 7 - 2922*v + 1452*v + 1467*v. Calculate i(2).
1
Let u(v) = v**3 + 3*v**2 - 13*v - 4. Suppose -35*n + 86*n + 255 = 0. Calculate u(n).
11
Let m(o) = -o**3 + 23*o**2 + 26*o - 56. Suppose -17*a = 68*a - 1662 - 378. Give m(a).
-8
Suppose 8*v - 9*v + 3 = 0. Let k(w) = w**3 - 4*w**2 + w + 9. Let g be k(v). Let y(j) = -469 - j**g + 236 + 230 + 3*j**2. Give y(3).
-3
Let f(s) = s - 3. Suppose 2*a - 4 = 5*a - 2*x, -3*x + 7 = -4*a. Let v be 36/24*a*(1 + 0). Suppose 0 = -3*l - v*k, l + 3 - 23 = 3*k. Give f(l).
2
Let n(k) = 0*k**3 - 2*k**3 - 12*k**2 - 11*k + 98926 - 98940. What is n(-5)?
-9
Let s(t) = -t**3 - 3*t**2 + 10*t + 11. Suppose 5*a + 105 = -16*a. Give s(a).
11
Let m(x) = -6*x**2 - 3*x**2 + x**3 - 5 + 191 - 184 + 9*x. Determine m(5).
-53
Let y(a) = 24*a + 1. Let d(t) = 4*t**2 - 120*t - 6. Let r(p) = -d(p) - 4*y(p). Give r(6).
2
Let a(f) be the first derivative of f**3/3 - 10*f**2 + 18*f + 5. Suppose 0 = -228*s - 242*s + 445*s + 475. Calculate a(s).
-1
Let i be ((-10)/(-65))/((6/26)/3). Let r(f) be the second derivative of 1/6*f**3 - 5*f**2 + 0 - i*f. Give r(0).
-10
Let g(b) = b**2 - 4*b - 2. Let m = 11 + -4. Let i = 1152 - 1154. Let r = i + m. Determine g(r).
3
Suppose -2*v - 42 = 12*k - 10*k, 2*v + 4*k + 42 = 0. Let m(s) = s**3 + 20*s**2 - 19*s + 39. Determine m(v).
-3
Let n be -363*(-28)/(-1260) - 3/(-45). Let f(x) be the first derivative of -x**4/4 - 8*x**3/3 - x**2 + 6*x + 1. Determine f(n).
22
Let v(p) be the third derivative of -1/24*p**4 + 0*p + 0*p**5 - 1/120*p**6 - 28 + 5/6*p**3 + 2*p**2. Calculate v(0).
5
Let o = -8084 - -8092. Let r(h) = h**2 - 17*h - 1. Determine r(o).
-73
Let y(t) = t**2 + t + 6. Let k be 7 + -25 + (-6)/3. Let j = -16 - k. Let a be 8/j + 1/((-3)/6). What is y(a)?
6
Let v(f) = -f**3 - 2*f**2 + 10*f - 12. Let o = -4322 + 4317. Determine v(o).
13
Let b(j) = 2*j**3 - j**2 + 2*j - 1. Let s(z) = -13*z**3 + 7*z**2 - 16*z + 13. Let i(o) = -12*b(o) - 2*s(o). Calculate i(2).
10
Let n = -5 + 13. Let o(m) be the second derivative of m**4/12 - 4*m**3/3 + 3*m**2/2 - 3499*m. Determine o(n).
3
Let w = -3183 - -3172. Let m(f) = f**3 + 9*f**2 - 25*f - 15. Give m(w).
18
Let j(g) = 5*g + 1361708 + 4*g - 1361802. What is j(11)?
5
Let i(r) = 5*r**2 - 7*r**2 - 123551*r**3 + 123567*r**3. Give i(1).
14
Let m = 3 - 10. Let o be (6/m)/(1/(-7)). Let y(w) = 3 - 2*w + w - 5 - 1. Determine y(o).
-9
Suppose -120*c + 97*c + 10005 = 0. Let q = c - 439. Let m(b) = -2*b**2 - 2*b + 4. Calculate m(q).
-20
Let j = -15 - -21. Suppose -2*i = 3*i + 2*b - 4, j = -4*i + 3*b. Suppose l - 2*l + 2*r - 1 = i, -3*l + 1 = -4*r. Let d(y) = -y**2 + 3*y - 1. Calculate d(l).
-1
Let a = -8 - -7. Let m be a*20/(-28)*7. Let g(s) = -s + 10. Give g(m).
5
Let k(x) = -x**3 - 6*x**2 + 6*x + 18. Let q be (-3)/2 + (-1067)/194. What is k(q)?
25
Let c(g) be the third derivative of 20*g**4/3 + 106*g**3 - 8*g**2 + 28*g - 2. Calculate c(-4).
-4
Let s(h) be the third derivative of -h**5/60 - 11*h**4/24 + h**3 - h**2. Suppose 4*f + 213 = 13*y, 2*y + y + 5 = -4*f. Determine s(f).
6
Let h(t) = t**2 + t + 0*t**2 - 7*t. Suppose 346 = 105*w - 101*w - 3*i, 5*w = 4*i + 433. Suppo